98 is divided by 138.
84
What is the remainder when 947509 is divided by 33?
13
What is the remainder when 196566 is divided by 2847?
123
What is the remainder when 85430 is divided by 1302?
800
What is the remainder when 8217335 is divided by 5556?
11
What is the remainder when 4884189 is divided by 71826?
21
What is the remainder when 263849 is divided by 5168?
281
What is the remainder when 817496 is divided by 62877?
95
What is the remainder when 27823 is divided by 961?
915
What is the remainder when 1366513 is divided by 21023?
18
What is the remainder when 203606 is divided by 564?
2
Calculate the remainder when 45920794 is divided by 400.
394
Calculate the remainder when 11081295 is divided by 1007.
267
Calculate the remainder when 6020669 is divided by 112.
109
Calculate the remainder when 973118 is divided by 1641.
5
What is the remainder when 47554 is divided by 1707?
1465
Calculate the remainder when 465384 is divided by 3707.
2009
What is the remainder when 32892133 is divided by 16446036?
61
Calculate the remainder when 277522712 is divided by 5446.
5444
Calculate the remainder when 3304184 is divided by 17.
13
Calculate the remainder when 5536617 is divided by 1338.
1311
What is the remainder when 2828172 is divided by 257106?
6
Calculate the remainder when 1617622 is divided by 1456.
6
What is the remainder when 828076 is divided by 35?
11
What is the remainder when 304565072 is divided by 261?
257
What is the remainder when 2070753 is divided by 10565?
13
What is the remainder when 1662344 is divided by 366?
338
What is the remainder when 5947225 is divided by 4054?
7
What is the remainder when 564373 is divided by 70546?
5
What is the remainder when 1108604 is divided by 277150?
4
Calculate the remainder when 103455 is divided by 33040.
4335
Calculate the remainder when 468686 is divided by 24650.
336
Calculate the remainder when 2624520 is divided by 2384.
2120
Calculate the remainder when 35762138 is divided by 3576209.
48
Calculate the remainder when 307938 is divided by 262.
88
What is the remainder when 283937 is divided by 35488?
33
What is the remainder when 3513418 is divided by 604?
554
Calculate the remainder when 44971049 is divided by 2498390.
29
Calculate the remainder when 1271257 is divided by 5914.
5661
What is the remainder when 8569951 is divided by 286?
247
Calculate the remainder when 737564 is divided by 377.
152
Calculate the remainder when 45146797 is divided by 30733.
20
Calculate the remainder when 1017634 is divided by 1159.
32
What is the remainder when 123816 is divided by 1816?
328
What is the remainder when 9627176 is divided by 161?
20
Calculate the remainder when 6285759 is divided by 322.
319
Calculate the remainder when 185144 is divided by 420.
344
Calculate the remainder when 169623 is divided by 5848.
31
Calculate the remainder when 16022957 is divided by 1060.
1057
What is the remainder when 62790197 is divided by 139?
5
What is the remainder when 1635279 is divided by 4555?
34
What is the remainder when 123587 is divided by 474?
347
Calculate the remainder when 500421 is divided by 256.
197
Calculate the remainder when 118026 is divided by 9313.
6270
Calculate the remainder when 360181053 is divided by 96.
93
What is the remainder when 61752 is divided by 5104?
504
What is the remainder when 321520510 is divided by 59?
10
Calculate the remainder when 24040 is divided by 77.
16
What is the remainder when 3715588 is divided by 5917?
5629
Calculate the remainder when 12336627 is divided by 75.
27
What is the remainder when 143220 is divided by 332?
128
Calculate the remainder when 875752 is divided by 599.
14
What is the remainder when 1101923 is divided by 25?
23
What is the remainder when 6261400 is divided by 136117?
18
What is the remainder when 16284221 is divided by 75?
71
Calculate the remainder when 40937771 is divided by 42.
35
Calculate the remainder when 830038 is divided by 2578.
2500
Calculate the remainder when 10473751 is divided by 34.
17
Calculate the remainder when 1451746 is divided by 483896.
58
What is the remainder when 6297545 is divided by 80?
25
What is the remainder when 1707621 is divided by 6?
3
Calculate the remainder when 12364684 is divided by 490.
24
What is the remainder when 27919840 is divided by 4201?
4195
Calculate the remainder when 31495157 is divided by 595.
22
Calculate the remainder when 31402588 is divided by 548.
544
What is the remainder when 47885731 is divided by 12?
7
What is the remainder when 410762 is divided by 2833?
2810
Calculate the remainder when 9964792 is divided by 221439.
37
Calculate the remainder when 40877518 is divided by 5839642.
24
What is the remainder when 38429723 is divided by 21614?
31
Calculate the remainder when 2214290 is divided by 13583.
261
What is the remainder when 14603914 is divided by 1627?
1589
What is the remainder when 19158687 is divided by 178?
13
What is the remainder when 21763794 is divided by 107?
101
Calculate the remainder when 512458 is divided by 15055.
588
Calculate the remainder when 326168 is divided by 49.
24
Calculate the remainder when 484876 is divided by 65.
41
Calculate the remainder when 566863 is divided by 2197.
37
What is the remainder when 1248144 is divided by 9?
6
What is the remainder when 16683125 is divided by 463420?
5
What is the remainder when 111525 is divided by 2269?
344
Calculate the remainder when 24883618 is divided by 30.
28
Calculate the remainder when 12662404 is divided by 62.
20
What is the remainder when 117461 is divided by 117230?
231
Calculate the remainder when 1298310 is divided by 54095.
30
Calculate the remainder when 169573 is divided by 56428.
289
Calculate the remainder when 312983 is divided by 1025.
358
What is the remainder when 2171335 is divided by 35?
5
What is the remainder when 14214960 is divided by 718?
714
Calculate the remainder when 109636 is divided by 707.
51
Calculate the remainder when 317952 is divided by 35314.
126
What is the remainder when 10034530 is divided by 27342?
16
Calculate the remainder when 280407 is divided by 853.
623
What is the remainder when 3159746 is divided by 16718?
44
Calculate the remainder when 76214 is divided by 373.
122
Calculate the remainder when 241273 is divided by 12063.
13
What is the remainder when 509301 is divided by 3612?
9
What is the remainder when 18448 is divided by 3068?
40
Calculate the remainder when 422036 is divided by 14552.
28
What is the remainder when 2728389 is divided by 138?
129
What is the remainder when 82665591 is divided by 599?
596
Calculate the remainder when 234533246 is divided by 723.
722
Calculate the remainder when 28195411 is divided by 14.
13
Calculate the remainder when 14923684 is divided by 2131944.
76
What is the remainder when 7766815 is divided by 50108?
75
What is the remainder when 1548162 is divided by 21805?
7
Calculate the remainder when 350450 is divided by 6.
2
What is the remainder when 98773 is divided by 20?
13
What is the remainder when 690012 is divided by 68961?
402
Calculate the remainder when 3864915 is divided by 135.
0
What is the remainder when 12509 is divided by 9685?
2824
What is the remainder when 332596 is divided by 34?
8
What is the remainder when 11998881 is divided by 448?
97
What is the remainder when 31700 is divided by 1435?
130
Calculate the remainder when 5218872 is divided by 3582.
3480
Calculate the remainder when 11282389 is divided by 170.
169
What is the remainder when 44845191 is divided by 6?
3
Calculate the remainder when 4514720 is divided by 1597.
1
Calculate the remainder when 4078103 is divided by 12.
11
What is the remainder when 8472121 is divided by 1020?
1
What is the remainder when 280961 is divided by 11?
10
What is the remainder when 285457 is divided by 13592?
25
What is the remainder when 4651827 is divided by 2563?
2545
Calculate the remainder when 14260017 is divided by 81954.
21
Calculate the remainder when 4447893 is divided by 920.
613
What is the remainder when 131950 is divided by 363?
181
What is the remainder when 780153 is divided by 390073?
7
Calculate the remainder when 2907899 is divided by 36.
35
What is the remainder when 1130972 is divided by 64?
28
Calculate the remainder when 489084642 is d